factors of 76721517.
3, 8524613
List the prime factors of 85767330.
2, 3, 5, 11, 19, 13679
List the prime factors of 369881741.
67, 5520623
What are the prime factors of 5275617301?
587, 977, 9199
What are the prime factors of 10959475?
5, 17, 107, 241
What are the prime factors of 420990696?
2, 3, 7, 30937
List the prime factors of 334312527.
3, 111437509
What are the prime factors of 404797146?
2, 3, 13, 53, 97919
List the prime factors of 110658983.
19, 29, 229, 877
List the prime factors of 2048500349.
7, 43, 6805649
What are the prime factors of 2490746458?
2, 3779, 329551
List the prime factors of 29462582.
2, 37, 398143
List the prime factors of 5251000.
2, 5, 59, 89
List the prime factors of 41787817.
41787817
What are the prime factors of 2406893611?
53, 45413087
What are the prime factors of 89206768?
2, 7, 43, 18523
What are the prime factors of 767568889?
3067, 250267
What are the prime factors of 474958641?
3, 47, 1213, 2777
List the prime factors of 604403323.
604403323
What are the prime factors of 94285912?
2, 7, 397, 4241
List the prime factors of 98929659.
3, 32976553
What are the prime factors of 44770792?
2, 11, 17, 29927
List the prime factors of 3341793590.
2, 5, 43, 577, 13469
What are the prime factors of 1193921803?
1193921803
What are the prime factors of 644320530?
2, 3, 5, 7, 127, 8053
What are the prime factors of 9464039?
13, 728003
List the prime factors of 39431229.
3, 13143743
What are the prime factors of 22884308?
2, 113, 197, 257
List the prime factors of 197290977.
3, 13, 5058743
List the prime factors of 862990586.
2, 31, 13919203
List the prime factors of 3212457672.
2, 3, 5477, 24439
What are the prime factors of 301799421?
3, 7, 11, 271, 1607
List the prime factors of 59479606.
2, 29739803
What are the prime factors of 7567830734?
2, 89, 42515903
List the prime factors of 177943434.
2, 3, 37, 419, 1913
List the prime factors of 6182778451.
6182778451
List the prime factors of 728492979.
3, 137, 773, 2293
What are the prime factors of 5938868575?
5, 237554743
What are the prime factors of 7717121?
23, 335527
List the prime factors of 143808778.
2, 71904389
What are the prime factors of 995369039?
7, 101, 1407877
What are the prime factors of 76987428?
2, 3, 7, 311, 421
List the prime factors of 77497370.
2, 5, 7749737
List the prime factors of 73081479.
3, 29, 101, 8317
What are the prime factors of 39608880?
2, 3, 5, 165037
What are the prime factors of 41959816?
2, 73, 71849
List the prime factors of 1518299193.
3, 97, 5217523
List the prime factors of 6676146.
2, 3, 370897
What are the prime factors of 3364690320?
2, 3, 5, 17, 91631
List the prime factors of 30628470.
2, 3, 5, 43, 23743
What are the prime factors of 34849792?
2, 34033
What are the prime factors of 139352520?
2, 3, 5, 107, 10853
List the prime factors of 114200438.
2, 11, 5190929
List the prime factors of 741468628.
2, 11897, 15581
List the prime factors of 100801586.
2, 137, 367889
List the prime factors of 447941177.
17, 26349481
List the prime factors of 1198051007.
313, 3827639
List the prime factors of 920866404.
2, 3, 17, 4514051
List the prime factors of 3526177826.
2, 1763088913
List the prime factors of 8634797.
19, 331, 1373
What are the prime factors of 596974731?
3, 61, 3262157
List the prime factors of 113778263.
17, 23, 290993
What are the prime factors of 232737834?
2, 3, 7, 5541377
List the prime factors of 239207647.
7, 911, 37511
List the prime factors of 853228932.
2, 3, 181, 392831
List the prime factors of 48822705.
3, 5, 1084949
List the prime factors of 14805499.
14805499
What are the prime factors of 44974649?
44974649
What are the prime factors of 947335878?
2, 3, 17543257
List the prime factors of 249253132.
2, 67, 139, 6691
What are the prime factors of 240491558?
2, 2897, 41507
List the prime factors of 1329735309.
3, 7, 63320729
List the prime factors of 343776531.
3, 7, 67, 244333
List the prime factors of 2390591397.
3, 796863799
What are the prime factors of 1273766481?
3, 13, 10886893
List the prime factors of 284387195.
5, 29, 67, 73, 401
List the prime factors of 1562321993.
1562321993
List the prime factors of 534030336.
2, 3, 7, 4139
What are the prime factors of 70532845?
5, 19, 101, 7351
What are the prime factors of 103648233?
3, 13, 29, 113, 811
List the prime factors of 68249440.
2, 5, 7, 60937
What are the prime factors of 8822243594?
2, 8713, 506269
What are the prime factors of 5952726385?
5, 83, 101, 142019
List the prime factors of 10294991.
7, 37, 39749
List the prime factors of 80112840.
2, 3, 5, 17, 173, 227
What are the prime factors of 198317381?
4831, 41051
What are the prime factors of 895516448?
2, 27984889
List the prime factors of 42072209.
419, 100411
List the prime factors of 243539360.
2, 5, 619, 2459
What are the prime factors of 17211597?
3, 13, 173, 2551
What are the prime factors of 148554545?
5, 47, 632147
List the prime factors of 382885634.
2, 41, 157, 29741
List the prime factors of 36230741.
36230741
What are the prime factors of 328018856?
2, 11, 3727487
What are the prime factors of 92897928?
2, 3, 17, 937
What are the prime factors of 214419296?
2, 7, 13, 67, 157
List the prime factors of 6019468521.
3, 11, 751, 242887
What are the prime factors of 509221425?
3, 5, 6789619
List the prime factors of 418429415.
5, 17, 383, 12853
What are the prime factors of 193132850?
2, 5, 1381, 2797
What are the prime factors of 40689827?
47, 865741
List the prime factors of 330092283.
3, 647, 170063
List the prime factors of 410269964.
2, 13, 19, 415253
What are the prime factors of 772876604?
2, 19, 10169429
What are the prime factors of 1325211553?
41, 269, 120157
List the prime factors of 2713381627.
11, 421, 585917
What are the prime factors of 42866967?
3, 11, 13, 99923
What are the prime factors of 2722815230?
2, 5, 113, 127, 18973
List the prime factors of 33183129.
3, 7, 293, 5393
What are the prime factors of 1139238346?
2, 23, 397, 62383
What are the prime factors of 57647224?
2, 73, 98711
What are the prime factors of 382444833?
3, 227, 431, 1303
List the prime factors of 94142998.
2, 47071499
List the prime factors of 1397916494.
2, 13, 17, 23, 199, 691
What are the prime factors of 4067768982?
2, 3, 677961497
List the prime factors of 4512219053.
4512219053
What are the prime factors of 3419953?
3419953
What are the prime factors of 3861505399?
227, 709, 23993
List the prime factors of 2206160665.
5, 441232133
List the prime factors of 1826025736.
2, 31, 659, 11173
What are the prime factors of 199350926?
2, 19, 541, 9697
List the prime factors of 14555541.
3, 7, 11, 13, 37, 131
What are the prime factors of 4418146?
2, 19, 233, 499
What are the prime factors of 71521346?
2, 13, 17, 103, 1571
What are the prime factors of 64541172?
2, 3, 37, 61, 2383
List the prime factors of 1654367509.
43, 38473663
What are the prime factors of 315319312?
2, 7, 11, 36563
List the prime factors of 14890017.
3, 149, 33311
What are the prime factors of 10117621?
2267, 4463
What are the prime factors of 58056318?
2, 3, 29, 131, 283
What are the prime factors of 7063157313?
3, 29066491
List the prime factors of 76257446.
2, 38128723
What are the prime factors of 499946097?
3, 7, 47, 506531
List the prime factors of 1418943763.
1418943763
List the prime factors of 182122606.
2, 1699, 53597
List the prime factors of 78339694.
2, 47, 337, 2473
List the prime factors of 1194093669.
3, 317, 1255619
List the prime factors of 285338913.
3, 95112971
List the prime factors of 59790881.
419, 142699
What are the prime factors of 684520904?
2, 19, 4503427
What are the prime factors of 2056731539?
4993, 411923
List the prime factors of 149181454.
2, 7129, 10463
What are the prime factors of 228933294?
2, 3, 38155549
What are the prime factors of 221740261?
221740261
List the prime factors of 220921429.
59, 3744431
What are the prime factors of 2207000116?
2, 5879, 93851
What are the prime factors of 179086892?
2, 44771723
List the prime factors of 2348195976.
2, 3, 7, 61, 76379
What are the prime factors of 34454009?
4951, 6959
What are the prime factors of 461968752?
2, 3, 7, 67, 20521
List the prime factors of 248800463.
59, 4216957
List the prime factors of 346580257.
41, 8453177
What are th